3) to base 11.
4463a5
-123015 (base 9) to base 8
-221204
Convert -120202000112 (base 3) to base 14.
-80cb5
What is -856750 (base 14) in base 11?
-2602404
What is -29b65d (base 16) in base 2?
-1010011011011001011101
30453 (base 6) to base 16
fe1
-25e1d0 (base 15) to base 6
-102555453
Convert -1123122330 (base 5) to base 11.
-1493058
Convert 3212012130 (base 4) to base 3.
1202212212010
Convert -1000000000010 (base 2) to base 11.
-3096
What is -1011101000111010011011 (base 2) in base 6?
-145221431
1310202 (base 4) to base 11
5670
What is -431dd3 (base 14) in base 16?
-22ab15
-18cd5 (base 16) to base 3
-12011100120
5820771 (base 9) to base 4
23333122312
-121221 (base 9) to base 15
-169c1
Convert -21623231 (base 7) to base 3.
-10112002020212
-66a37 (base 14) to base 15
-4db7e
What is -1110010110110111 (base 2) in base 10?
-58807
What is 1445223 (base 7) in base 12?
95733
-232034000 (base 5) to base 7
-11630016
-47b856 (base 12) to base 16
-11b602
132202334 (base 5) to base 2
10100001110100111100
Convert -62888 (base 10) to base 5.
-4003023
Convert -10512698 (base 10) to base 14.
-1579230
What is 22022022221121 (base 3) in base 12?
158b337
Convert -2111140 (base 7) to base 15.
-50801
1000031311 (base 4) to base 8
1001565
Convert -423010301 (base 5) to base 4.
-12233032312
What is 4826081 (base 9) in base 8?
11764655
Convert 4144034 (base 5) to base 8.
206044
6fbd7 (base 16) to base 15
90927
What is -10010111010110100101 (base 2) in base 14?
-121cd7
Convert 90443 (base 11) to base 14.
36300
What is 7183 (base 16) in base 2?
111000110000011
Convert 15221144 (base 6) to base 4.
2001302320
211112220201 (base 3) to base 7
3526111
-554c (base 13) to base 15
-37ce
100010110110110101001 (base 2) to base 7
12464662
Convert 2220100122122 (base 3) to base 9.
2810578
What is 5424656 (base 7) in base 6?
22104422
40a70 (base 14) to base 9
256544
214110330 (base 6) to base 2
1110101000010001101110
39873 (base 14) to base 2
100010100100101101
What is 12222113333 (base 4) in base 11?
a93135
Convert 1b60b8 (base 14) to base 5.
222231101
Convert 16bcb2 (base 16) to base 8.
5536262
Convert -45481 (base 16) to base 13.
-9c220
-465015 (base 9) to base 14
-73a85
What is -11024044 (base 5) in base 2?
-10111010100100100
Convert eddf5 (base 16) to base 13.
281631
-2c846c (base 13) to base 14
-20a2cc
203400230 (base 5) to base 3
1120201012200
What is -1133301321 (base 4) in base 14?
-a2d85
-15b86f (base 16) to base 8
-5334157
Convert 2055135 (base 6) to base 14.
28ad5
What is 163778 (base 10) in base 5?
20220103
What is 18960 (base 12) in base 5?
2122203
-a66750 (base 11) to base 5
-414112434
Convert -41614 (base 8) to base 16.
-438c
Convert 2142012344 (base 5) to base 7.
54311234
What is -168628 (base 11) in base 15?
-521d6
22a9d (base 14) to base 10
84419
3043220 (base 6) to base 4
203213130
-15115 (base 15) to base 6
-1241345
-11102301230 (base 4) to base 9
-2544418
Convert -1233438 (base 9) to base 13.
-1a69c6
What is -959c2b (base 14) in base 13?
-1081c49
Convert -133410413 (base 5) to base 9.
-1253711
What is 210013203 (base 4) in base 16?
241e3
829b7 (base 13) to base 2
111001010000111001
1562a4 (base 11) to base 4
323032212
10931a9 (base 12) to base 6
152041133
-10027253 (base 8) to base 4
-20002322223
Convert 5664220 (base 8) to base 7.
16016404
What is -4130442 (base 6) in base 2?
-110000011100111010
208596 (base 10) to base 14
5603a
Convert a8601 (base 12) to base 13.
7a0b9
What is 122321023 (base 4) in base 15?
2298a
What is -31321336 (base 7) in base 14?
-4cb7c6
What is 55246203 (base 7) in base 4?
102013333221
-2760117 (base 8) to base 4
-2332001033
What is 6551731 (base 8) in base 15?
24ae14
22f62 (base 16) to base 12
6aa56
What is -37643222 (base 8) in base 5?
-4113404023
What is 1010011100101000101111 (base 2) in base 3?
12011010211122
-2012112110222 (base 3) to base 9
-2175428
Convert a894c (base 13) to base 10.
304771
What is -5013462 (base 8) in base 16?
-141732
1103524 (base 6) to base 8
153754
What is -11111111000010001001 (base 2) in base 6?
-34220105
73000 (base 11) to base 6
2140544
-665120 (base 7) to base 14
-30910
Convert 59116 (base 12) to base 16.
1d262
4cbcab (base 13) to base 10
1854240
-12220112 (base 5) to base 6
-2301123
What is 510445 (base 7) in base 14?
23825
Convert 1230421140 (base 5) to base 2.
1011011000001100001110
-369c4e (base 16) to base 13
-984036
What is -615250 (base 7) in base 13?
-38aac
What is -1511a (base 14) in base 13?
-1aaa5
What is -243522 (base 11) in base 8?
-1360410
What is -11000010001010100 (base 2) in base 13?
-36331
What is -33306432 (base 7) in base 11?
-1694a95
What is 47604542 (base 8) in base 16?
9f0962
What is 32b9b4 (base 15) in base 7?
26362405
Convert -21021122011010 (base 3) to base 11.
-2203960
931709 (base 14) to base 15
67e879
-1378f9 (base 16) to base 3
-2101211112221
What is 7d96a (base 14) in base 16?
4ad0a
2535377 (base 8) to base 3
1022201122121
7353627 (base 10) to base 2
11100000011010100011011
What is -28832 (base 9) in base 7?
-111143
Convert 1001112211201 (base 3) to base 4.
2021030113
502513 (base 12) to base 10
1248351
5350d4 (base 15) to base 7
45465112
What is 11160061 (base 7) in base 11?
604684
What is -110200311 (base 4) in base 10?
-84021
What is -2b0d9 (base 15) in base 8?
-416523
Convert 1b9c9 (base 13) to base 6.
1055530
Convert -16b234 (base 14) to base 9.
-1446843
-1632 (base 12) to base 7
-10445
Convert 2646396 (base 10) to base 12.
a77590
Convert 164038 (base 9) to base 6.
2101142
Convert 12041041 (base 5) to base 7.
644410
Convert 75674 (base 13) to base 6.
4313325
What is 4735874 (base 10) in base 13?
c9a7c0
What is 151104 (base 11) in base 15?
49c92
Convert -1c946 (base 14) to base 15.
-16a30
Convert 3563241 (base 7) to base 15.
8e149
What is 2102413 (base 6) in base 11?
6a430
Convert 215671 (base 11) to base 10.
344202
-2079b5 (base 13) to base 2
-10111001011101010010
3777839 (base 10) to base 2
1110011010010100101111
What is -10000100010100111100 (base 2) in base 16?
-8453c
What is 148ad (base 16) in base 5?
10143031
Convert -6434287 (base 9) to base 2.
-1101001001101110000010
Convert 3203135 (base 6) to base 10.
156227
Convert -31b51 (base 14) to base 16.
-1d59b
1770 (base 16) to base 4
1131300
What is -10101100010010010 (base 2) in base 13?
-311c5
Convert 347646 (base 9) to base 3.
101121201120
What is -310123233132 (base 4) in base 10?
-13745118
Convert -22422651 (base 7) to base 11.
-1116164
What is 12201222022 (base 3) in base 7?
650243
Convert 511635 (base 7) to base 6.
1511123
What is 34f3d (base 16) in base 12?
a5625
-10000110101010011111000 (base 2) to base 7
-52335624
Convert -596003 (base 10) to base 2.
-10010001100000100011
What is -12106311 (base 7) in base 12?
-43b919
What is -12111031 (base 4) in base 6?
-320021
What is -452113 (base 6) in base 2?
-1001010010101101
Convert 1012120001 (base 3) to base 12.
1189a
476a4 (base 14) to base 5
21033232
Convert 34b84 (base 12) to base 8.
212224
2022102111 (base 3) to base 9
68374
What is -187440 (base 9) in base 4?
-130210020
Convert -11031313030 (base 4) to base 3.
-2120110212011
11000101000110011 (base 2) to base 4
120220303
Convert -194d8 (base 14) to base 13.
-23229
Convert 143401314 (base 6) to base 2.
1011010101010010001110
b3cc6 (base 14) to base 3
211000102102
Convert -1210132300 (base 4) to base 9.
-686507
1021313 (base 9) to base 16
8530b
Convert 12530141 (base 6) to base 14.
ab8bb
What is 1603486 (base 10) in base 15?
21a191
Convert -110121221220 (base 3) to base 12.
-bba13
-1120203 (base 5) to base 8
-47125
What is 100111100110110001100000 (base 2) in base 11?
5951525
Convert 1db8d (base 14) to base 15.
17964
-220102212222 (base 3) to base 11
-2a9476
Convert -82930 (base 10) to base 9.
-135674
377457 (base 8) to base 12
63893
-986c30 (base 14) to base 8
-23553012
-1202221020212 (base 3) to base 14
-1a7bb9
What is -149798 (base 10) in base 8?
-444446
Convert 2465210 (base 7) to base 8.
1156440
What is 2634670 (base 8) in base 13?
1c9b12
What is 64cb74 (base 13) in base 4?
21002230100
50160e (base 16) to base 13
1119c4a
11022200101010 (base 3) to base 15
305733
30b02c (base 13) to base 4
10111312210
600811 (base 10) to base 15
bd041
100010101001100111101 (base 2) to base 6
40200325
Convert 149a8c (bas